5
Let h = 11 + -11. List the prime factors of (-95 + h)*(-12)/30.
2, 19
Let k = 14 + -19. Let l = k - -16. What are the prime factors of l?
11
Let p(x) = x**3 - 5*x**2 + 6*x - 2. Let n(d) = 8*d - 3. Let s be n(1). List the prime factors of p(s).
2, 7
Let b(a) = a**3 - 7*a**2 + 5*a - 2. Suppose 1 = z + x - 5, 12 = 2*z - 5*x. Let h be b(z). Let g = -3 - h. What are the prime factors of g?
5
Let b be (-3)/9 - 7/(-3). Let q(l) = 2*l + 7 - 8*l - l**b + 0*l**2 - 4. What are the prime factors of q(-5)?
2
What are the prime factors of 4/28 - (-118)/7?
17
Let g(v) = v**3 + 1. Let s be g(-1). Let n be (-1)/((-3)/(-3 + s)). What are the prime factors of 1/(n + 3/2)?
2
Let j(p) = -p**3 + 15*p**2 + 20*p - 32. List the prime factors of j(16).
2
Let g(k) = 9*k + 9. Let s be g(8). Suppose 0 = -4*z - 8, -4*l + 7*l = -3*z + s. What are the prime factors of l?
29
Let t = -16 - -73. List the prime factors of t.
3, 19
Let v = 16 + -11. Suppose v*a = -z + 28, -4*a - 1 = -2*z - 3*a. Suppose -3*x + 48 = -c, z*c - 4*c = 0. What are the prime factors of x?
2
List the prime factors of (5 - 12/3)/(-2)*-30.
3, 5
Let b(m) = m**2 + m + 8. Let p be b(-3). Suppose 0*y = y + 6. Let i = p + y. List the prime factors of i.
2
Let g = 81 - 56. What are the prime factors of g?
5
Suppose -i - 4*t = t - 35, -4*i = -5*t - 40. Let m(s) = -s**2 + 7*s - 5. Let y be m(5). Suppose -y*c + 70 = i. List the prime factors of c.
11
Suppose 3*d + 51 = 357. What are the prime factors of d?
2, 3, 17
Suppose 3*k + 5*t - 40 = -2*k, k = 4*t - 12. Let n be (6/(-3))/((-2)/k). Let h = 6 + n. List the prime factors of h.
2, 5
Suppose -2*l = l - 66. What are the prime factors of l?
2, 11
Let u be 11 + 4 + 2/(-2). Let g be 38/(-14) + (-2)/7. Let m = u + g. What are the prime factors of m?
11
Let m be -8*(-3)/6*2. Suppose 0 = 4*o + 12, -r - 4*o + m*o = -18. What are the prime factors of r?
2, 3
Suppose -5 = 3*p - 53. What are the prime factors of p?
2
Suppose -13 = 2*g + 7. Let b = g - -22. What are the prime factors of b?
2, 3
Let p = 173 + -109. What are the prime factors of p?
2
Suppose -5*w = z - 26, -2*w + 125 = 3*z + 34. What are the prime factors of z?
31
Suppose 4*i = -3*w + 5 + 9, 4*w + 33 = 5*i. Let p be -6 - (w - -1)*-2. Let x = 14 + p. List the prime factors of x.
2, 3
Suppose -4*d + y = -48 - 51, 3*y = 5*d - 129. What are the prime factors of d?
2, 3
Suppose -2*a + 5*u + 0*u + 24 = 0, a + 2 = -u. Suppose -o + 80 = 2*o - a*n, -o + n + 25 = 0. List the prime factors of o.
2, 3, 5
Let x(q) = -5*q + 1. Suppose 2*k - 6 = -4*t, 3*t + 9 = -t + k. Let l be x(t). What are the prime factors of ((-16)/l)/(2/(-3))?
2
Suppose 2*d - h - 8 = 0, 5*d - 5 = -h - 4*h. Suppose -v = 2*i - 6, i + 4*v - v = d. What are the prime factors of i?
3
Let h(j) = 17*j + 1. Let p be h(1). Suppose -4 = 4*r, -r + p = -o + 58. What are the prime factors of o?
3, 13
Suppose 7*j - 81 - 108 = 0. What are the prime factors of j?
3
Suppose 0*q + 504 = 6*q. List the prime factors of q.
2, 3, 7
Suppose -2*m + 2 = -2. Let s be (1 + -1)/m - -5. Suppose -s*g - 1 + 41 = 0. List the prime factors of g.
2
Suppose 0 = 2*a - 3 - 3. Let d be 2/4 - 9/(-6). Suppose -10 = -5*k - d*g + a*g, -3*k - g + 6 = 0. What are the prime factors of k?
2
Let u(j) be the second derivative of j**7/168 - j**5/120 + j**4/24 + j**3/3 - 2*j. Let a(l) be the second derivative of u(l). List the prime factors of a(1).
5
Let r = 712 + -361. List the prime factors of r.
3, 13
Suppose 0 = -4*x - 3*w + 104, 6*x + 4*w = 2*x + 100. List the prime factors of x.
29
Let y = 45 - 26. Let i = y + -16. List the prime factors of i.
3
Suppose -348 = -11*d + 7*d. What are the prime factors of d?
3, 29
List the prime factors of 1/3*(-4 - -133).
43
What are the prime factors of (-24)/(-15) + 2/5?
2
Let h be -1 + -1 + (0 - -2). Let g be (h + (-9)/(-15))*5. What are the prime factors of (-2)/6 + 25/g?
2
Let z(g) = g**3 + 5*g**2 - 7*g - 1. Suppose -3*t - 15 = 3*a, 0 = -4*t - 0*a - 2*a - 22. What are the prime factors of z(t)?
5
Suppose i - 4 = -5*h, 3*i - 4*h - 10 = 2. Let c = 5 - i. Let s = c - -1. What are the prime factors of s?
2
Let q = 8 + -5. Let o = 35 - q. What are the prime factors of o?
2
Let r = 17 - 15. Suppose -2*n + 92 = r*n. List the prime factors of n.
23
Let x(j) = j**3 + 3*j**2 + 3. Let q be x(-3). Let k be q/(-2)*2/3. List the prime factors of (k + 6)*(-4)/(-4).
5
Let f be (-1 + 1*-4)/(-1). Suppose z + 0 + 4 = f*m, -z = 4*m - 14. Suppose -z = -g - 2. What are the prime factors of g?
2
What are the prime factors of (1/(-2))/((-13)/1742)?
67
Let q be (-14)/(-7)*14/(-4). List the prime factors of (-184)/q - (-12)/(-42).
2, 13
Suppose 0 = 3*y + 2*g - 453, -26 = 3*y - 3*g - 479. List the prime factors of y.
151
Let c be -4*(54/8)/(-3). Let y = -22 + 24. Suppose a + 5*k = 10, -4*k - 11 - c = -y*a. List the prime factors of a.
2, 5
Suppose -10*k = -8*k - 58. What are the prime factors of k?
29
Suppose 3*c - c - 10 = 0. Suppose 1 = -c*s + 36. List the prime factors of s.
7
Suppose -2*m = -0*m - 8. Suppose m*d = 3*y + 11, 7 = 3*d - y - 0*y. Suppose 5 = d*p - 5. List the prime factors of p.
5
Suppose 8*k - 9 = 5*k. Suppose -o + 4*o + 15 = 0, -k*s + 5*o + 46 = 0. List the prime factors of s.
7
Let b be (-1 + -21)/(5/10). Let o = 72 - 10. Let u = b + o. What are the prime factors of u?
2, 3
Suppose 2*g - 3*p - 37 = -0*g, -3*g = 3*p - 18. Suppose 0 = 2*z - z - g. What are the prime factors of z?
11
Suppose -16 = -2*l + 8. What are the prime factors of l?
2, 3
Let t = 184 + -104. What are the prime factors of t?
2, 5
Let k = 9 + -7. What are the prime factors of 20/5*k/2?
2
Let z(k) = -2*k - 8 - k + 4*k - 4*k. Let q be z(8). What are the prime factors of (-312)/q + 1/4?
2, 5
Let f = 338 + -91. Suppose 5*v + 22 = f. What are the prime factors of v?
3, 5
Let c(v) = v**3 + 7*v**2 + v + 7. Let d be c(-7). Suppose -l + 3 = -d*l. Suppose 0 = -3*y + 3*j + 33, -4*y + 12 = j + l*j. What are the prime factors of y?
7
Suppose -4*p = 2*l + 2, 0*p - 5*l + 21 = -3*p. List the prime factors of 29 + (1 - 4 - p).
2, 7
Suppose 0 = v - 2*v - 4*p - 4, p = -3*v - 1. Suppose v = 4*z - 0*z - 20. Let r = 9 - z. List the prime factors of r.
2
Suppose -3*h = 0, j - 3*j = 4*h - 210. What are the prime factors of j?
3, 5, 7
Suppose -46*x + 43*x + 594 = 0. What are the prime factors of x?
2, 3, 11
Suppose -483 = 3*m - 10*m. What are the prime factors of m?
3, 23
Suppose x + 0*x = 5*m - 52, 0 = 4*m + 5*x - 59. Let i = m + 7. List the prime factors of i.
2, 3
Let x = 35 + -31. What are the prime factors of x?
2
Suppose -8*b + 1505 = -471. List the prime factors of b.
13, 19
List the prime factors of 12*1/(1/(123/12)).
3, 41
Let n(c) = c**3 + 8*c**2 - 8*c + 11. Let h be n(-9). Suppose 0 = -2*q + 2*j + 20, -h*j - 5 = 2*q + j. List the prime factors of q.
5
Suppose 2 = -y - 2. What are the prime factors of y*(-14 - 0)/2?
2, 7
Let y be (-1)/(3/2 + -2). Suppose 5*h + y*m - 247 = 0, h = -h + 5*m + 122. Suppose -2*l + 1 + 1 = 0, 3*k + 3*l = h. List the prime factors of k.
2
Let m be (-7 - -1)/(4 - 3). List the prime factors of (m/(-2))/(2/4).
2, 3
Let p(g) = -2*g**2 - g - 2. Let u be p(-2). Let w = u + 10. List the prime factors of w.
2
Let o(p) = -12*p + 8*p + p**2 - 14*p + 13 + 7. What are the prime factors of o(17)?
3
Let g(n) = -n**3 + 10*n**2 - 3*n - 17. List the prime factors of g(7).
109
Let z be ((-10)/6)/((-2)/(-318)). Let i be 2/(-5) - z/(-25). Let n = 18 + i. What are the prime factors of n?
7
List the prime factors of (-4)/(-10) + 2 + 1832/20.
2, 47
List the prime factors of 254 - 2/(-1) - 0.
2
Let b(d) = -2*d**3 - d**2 - d. Let i be b(-1). Suppose 6*c + 4 = i*c. Let y(h) = 4*h**2 - 2*h - 1. List the prime factors of y(c).
5
Let y be 0/1 + 4 + 1. Let s(t) = t**2 - 2*t + 3. Let m be s(2). Suppose -2*z - 30 = -m*z + 4*g, 0 = y*z + 4*g - 54. What are the prime factors of z?
2, 7
Let q be (-50)/(-3) + 6/(-9). Let a = -12 + q. List the prime factors of a.
2
Let x be 165/(-6) - 6/(-12). Let o = -1 - x. List the prime factors of o.
2, 13
Suppose -o - 2*t + 269 = 31, -4*o = 2*t - 940. What are the prime factors of o?
2, 3, 13
List the prime factors of -1*(-3 + -44)*1.
47
Suppose -83*u = -85*u + 378. What are the prime factors of u?
3, 7
Let n be ((-2)/3)/((-2)/3). Let a be n*(5 + (-9)/(-3)). Let g = a - 0. List